*a - 4 - 8 = 0. Suppose -a*w - 61 = -m - 20, 2*w + 4*m = -4. Is (-2422)/w + 2/12 a composite number?
True
Suppose 4*l = -5*r + 7834, 3*l - 5*r + 4*r - 5866 = 0. Suppose -4*f + l = -2*f - 5*b, -3*b - 2925 = -3*f. Is f a prime number?
False
Let k(l) = 319*l + 312. Is k(11) a prime number?
True
Suppose -6 = a - 8. Suppose 5*k - 3*b - 183 = 5035, 0 = -k - a*b + 1041. Is k prime?
False
Suppose -12 = -2*q - 34. Is (q/(-22))/((-2)/(-1228)) composite?
False
Suppose 3 = 3*u - 15. Suppose -i - 2*g + 0 = -2, 0 = 3*i - 2*g - u. Suppose i*q = 82 + 36. Is q prime?
True
Let c be (-4)/8*-34 + 1. Let x(l) = -c*l + 7 - 21 + 12. Is x(-2) a composite number?
True
Let b(c) = -2*c + 28. Let j be b(12). Suppose 5*p = x + 3727, p - j*p - 2*x = -2231. Is p a prime number?
False
Suppose -6 = -2*n - 2. Suppose 0 = 2*c - n*f + 6642 - 22454, -4*c - 3*f + 31645 = 0. Is c prime?
False
Let s = 1 + -13. Let y be 2/s + 7298/12. Suppose 3*q - 1 = y. Is q prime?
False
Let d be 5 + -8 + 4*2. Let p be 1/(((-20)/7316)/d). Let z = p + 3114. Is z a prime number?
False
Let d be 2/(-9) - 4/(-18). Suppose 3*g + d*c - 2*c = 1698, 0 = g - 2*c - 562. Suppose o + o - g = -3*h, 4*o - 1146 = -h. Is o composite?
True
Suppose 170*c - 138*c = 650144. Is c composite?
True
Suppose -6*n + 9041 = 1817. Suppose 20*i = 24*i - n. Is i composite?
True
Suppose -12*f = -5*f - 11151. Let c = 2876 - f. Is c a prime number?
True
Is (26*6 + 1)/(39/78) composite?
True
Let v(i) = -i**3 + 2*i**2 + 4*i - 3. Let d be v(3). Suppose -1615 = -d*m - 5*m + 5*x, -2*x = 8. Is m prime?
False
Suppose 6*v - 4*a = 8*v - 18338, 4*a = 0. Is v composite?
True
Let b(u) = 27230*u - 359. Is b(3) a composite number?
False
Let k be (8/4)/(2/(-635)). Let q = k - -1344. Is q composite?
False
Let c(s) = 36*s**2 + 3*s + 26. Suppose 5*k + 27 = 2. Is c(k) prime?
True
Suppose -3*z = 3*p - 15, -4*z - z - 5 = -5*p. Suppose 2*f = y + 9, 0*y + p = -y. Is f a prime number?
True
Let q be (1/(3/(-9)))/((-15)/10). Suppose 3*c - 6*d = -q*d + 11377, 0 = 3*c + 4*d - 11369. Is c composite?
True
Let n(z) = z**3 - 8*z**2 + 28*z - 28. Is n(9) composite?
True
Let u(n) = -3192*n - 509. Is u(-14) a composite number?
False
Suppose -3*h = 3*f - 19215, 17*h - 15*h = 4*f - 25632. Is f prime?
False
Suppose -63565 + 18739 = -6*s. Is s a composite number?
True
Suppose -324 - 1776 = -6*r. Suppose r = 4*j - 1598. Is j a composite number?
False
Suppose 253858 = 12*c - 69770. Is c a composite number?
True
Let c(p) = -2*p**3 - 15*p**2 - 10*p - 16. Let v be c(-7). Suppose -4*a = -5*i - 3825, 2*i - 4771 = -v*a - 2*i. Is a composite?
True
Let v(m) be the third derivative of -107*m**4/24 - 3*m**3 - m**2. Is v(-17) a composite number?
False
Let q = -21 + 22. Let x be -13 - -9 - 232/q. Let c = -103 - x. Is c a prime number?
False
Suppose 0 = 11*c - 7*c. Suppose -2*w = 2*q - 420, c = 4*q + 20. Suppose u + 5*g = 82, -2*g + w + 44 = 3*u. Is u a prime number?
False
Is ((-3)/(-12))/(5/79780) a prime number?
True
Let i(w) = 16*w**2 - 7*w + 17. Let j be i(4). Suppose -3*p + 6 = 0, 3*m + 4*p - j - 30 = 0. Is m a prime number?
True
Let c = -10 + 10. Suppose 0 = -m + 4*t + 3631, -3*t + c*t = -2*m + 7267. Is m prime?
False
Suppose -2 = u - 0, 4*x - 4*u - 772 = 0. Suppose 41 = -5*k + x. Is -3 + k + -2 + 1 a prime number?
False
Let t(j) = j**2 + 10*j - 11. Let c(a) = -2*a - 6. Let p be c(4). Let n be t(p). Suppose -b = -4*b + n. Is b a prime number?
False
Let u be 0/((-1)/((-1)/(-2))). Let l = -48 - u. Let y = l - -85. Is y composite?
False
Suppose 159 + 113 = 4*f. Let l be 1/4 - (-22015)/f. Let g = -113 + l. Is g a prime number?
True
Let w(k) = -64*k + 983. Is w(-30) composite?
False
Let b = 69 + -57. Is (-5 + 3954/b)/((-1)/(-2)) a prime number?
False
Let j(w) = w**3 - 3*w**2 + 5*w - 5. Let t be j(6). Suppose -324 - 332 = -8*u. Suppose 3*f + t = l, -2*l - 3*f + u = -166. Is l a prime number?
True
Suppose 5*t - 2*r = 202299, 0 = -4*t - 2*r + 7*r + 161846. Is t prime?
True
Is (-423303)/(-21) - 6/(-168)*-8 composite?
True
Let p = 77448 - 54049. Is p composite?
False
Let g be (-2 - (-12)/15)*-145. Suppose -4*i - 17 = -69. Let j = g - i. Is j a prime number?
False
Let i(g) = 88*g - 37. Let y(w) = w. Let f(t) = -i(t) - 6*y(t). Is f(-4) prime?
False
Let j be 4/6 + 2/6. Suppose -33*u + 34422 = 11553. Is j/4 - u/(-12) a prime number?
False
Let a(z) = -z**2 + 1. Let i(j) = 3*j**2 - 7*j - 16. Let d(c) = -4*a(c) - i(c). Let u be d(-6). Is ((-146)/u + -3)*-3 a prime number?
False
Suppose -o + 29912 = 3*j + 5399, -5*j + o = -40855. Is j a prime number?
True
Let n(b) = b - 12. Let m be n(9). Is (-9676)/(-12) - 2/m composite?
True
Let m = 143 - 272. Let y = 191 + m. Is y prime?
False
Suppose b - 62 = 58. Suppose -4*j + b = -2*z, j - z - 34 = -6. Is 201*(3 - j/12) composite?
False
Suppose 0 = 488*j - 480*j - 36968. Is j a prime number?
True
Let m(h) = 3*h**3 - 19*h**2 - 3*h - 18. Let v be m(14). Suppose -2*x + 875 = 5*s - 2062, v = 3*x - s. Is x a composite number?
False
Suppose -2*c = -6*c - 84. Let p = -1 + 4. Is (-2)/p + (-1169)/c a composite number?
True
Suppose -8*v + 4*v - 8 = 0, 5*a - 3*v + 779 = 0. Let b be 80/140 - a/7. Suppose -19*r = -b*r + 844. Is r a prime number?
True
Let m be ((-9)/(-6))/(3/4). Suppose 0 = y + 3*y + m*j - 590, 3*y + 3*j - 438 = 0. Is y composite?
False
Let g(a) = -7*a - 5*a + 2*a + 0*a - 6. Let j be g(-8). Is (j/2)/((-5)/(-35)) prime?
False
Let v = -11546 - -21447. Is v a prime number?
True
Suppose 5*s + 2075 = 10*s. Is s a composite number?
True
Is (-108)/12 + 4338 - 2 prime?
True
Suppose -l - 255 = -3*t + 521, t + 2*l - 247 = 0. Suppose n = 4*v - 952, 3*v - t - 438 = -4*n. Is v composite?
True
Is ((-2)/3)/((-34)/52989) a composite number?
False
Let f(l) = -43*l**2 - 11*l + 21. Let i(u) = -1. Let z(x) = -f(x) - 2*i(x). Is z(10) a prime number?
True
Suppose -i + 704 = -457. Let g be 6/(-9)*i/(-6). Suppose -g = -y + 6*n - 2*n, 0 = 4*y - 2*n - 530. Is y a prime number?
False
Let r(f) = 16*f**3 - 7*f**2 + 11*f - 9. Let m(j) = -3*j**3 + 4 + 4*j**2 - 6*j + 0*j**3 - 5*j**3 + 1. Let d(l) = -7*m(l) - 4*r(l). Is d(-4) a prime number?
True
Let h = 32 + -18. Let d = -12 + h. Suppose -6*l + d*l = -236. Is l prime?
True
Let l(p) = p**3 + 4*p**2 + 2. Let h be l(-4). Suppose h*c + 6 = 10. Suppose 0 = 5*o + 3*v - 287, 0*o - 102 = -2*o + c*v. Is o composite?
True
Suppose -4*t + 16 = 0, -3*k - 33 = 5*t - 2*t. Let d = -13 - k. Let z(f) = 51*f**2 - 5*f + 5. Is z(d) composite?
False
Suppose -3 = -2*j + 5*x - 2, j = -5*x + 8. Is 163/(j - 14/5) prime?
False
Is 3073 + (45/9 - 7) prime?
False
Let d(x) = x**2 + 4. Let v be d(-3). Is v/65 - (-1108)/10 prime?
False
Let f(z) be the first derivative of -z**4/4 + 16*z**3/3 + 24*z - 12. Is f(15) a prime number?
False
Let y be (3*(-28)/(-36))/((-1)/(-3)). Is 360 - (y - 4 - 1) a prime number?
False
Suppose -r + 2178 = 4*a, -3041 + 13963 = 5*r + 4*a. Suppose -r = -0*h + h - 3*y, -4*y = h + 2221. Let i = h + 3372. Is i a composite number?
False
Suppose 1464005 = 35*d - 3802550. Is d a prime number?
True
Suppose r + 3*l - 11299 = 0, 6*l + 56439 = 5*r + 7*l. Is r a prime number?
True
Let a = -33649 - -53894. Is a a composite number?
True
Let i be (-1*(2 - -585))/(1/(-1)). Suppose -5*q + i + 4118 = 0. Is q a composite number?
False
Suppose -8 = -4*c - 0*r + 2*r, 3*c + 5*r - 6 = 0. Let m be -2*(c + (-3)/1). Suppose h + m = 133. Is h a prime number?
True
Let a = -2992 - -4211. Is a prime?
False
Let t = -13 + 11. Let a be t/1 - (-5 - 1). Suppose -5*c = -z + 72, -197 = -a*z + 2*c + 73. Is z a prime number?
True
Let c(m) = 2*m + 0*m - 2 - 2 + 0*m. Let l be c(0). Let z(j) = -37*j + 9. Is z(l) composite?
False
Suppose 3*c - 5218 = -2*j + c, 0 = 3*c. Let s = 3706 - j. Is s a prime number?
True
Let j be ((-4)/(-4))/(-1) + 4. Is 121 + ((-15)/(-5) - j) a prime number?
False
Let r(x) be the second derivative of -23*x**3/2 - 13*x**2 + 15*x. Is r(-15) prime?
True
Let q be (-2)/10 + 403/65. Suppose o - 20 - q = 0. Suppose 4*p = 5*m + 3*p - 32, 0 = 2*m + 4*p - o. Is m a composite number?
False
Let y = 9952 + -1589. Is y composite?
False
Suppose -5*s + 70 = 4*y + y, -4*s + y = -61. Suppose -s = 2*z - 3. Is z/(-8) + (-1224)/(-32) prime?
False
Suppose p - 723 = 4*h, 1437 = -6*p + 8*p + h. Is p a composite number?
False
Let u = 12 + -41. Let n = u - -107. Suppose r + r = n. 